{"id":64,"date":"2025-05-07T12:02:20","date_gmt":"2025-05-07T12:02:20","guid":{"rendered":"https:\/\/tosi.korinekdavid.cz\/?page_id=64"},"modified":"2025-05-07T12:02:20","modified_gmt":"2025-05-07T12:02:20","slug":"aktualni-nabidka-rostlin","status":"publish","type":"page","link":"https:\/\/tosi.korinekdavid.cz\/?page_id=64","title":{"rendered":"Aktu\u00e1ln\u00ed nab\u00eddka rostlin"},"content":{"rendered":"\n<p>dd<\/p>\n","protected":false},"excerpt":{"rendered":"<p>dd<\/p>\n","protected":false},"author":1,"featured_media":0,"parent":0,"menu_order":0,"comment_status":"closed","ping_status":"closed","template":"","meta":{"footnotes":""},"class_list":["post-64","page","type-page","status-publish","hentry"],"_links":{"self":[{"href":"https:\/\/tosi.korinekdavid.cz\/index.php?rest_route=\/wp\/v2\/pages\/64","targetHints":{"allow":["GET"]}}],"collection":[{"href":"https:\/\/tosi.korinekdavid.cz\/index.php?rest_route=\/wp\/v2\/pages"}],"about":[{"href":"https:\/\/tosi.korinekdavid.cz\/index.php?rest_route=\/wp\/v2\/types\/page"}],"author":[{"embeddable":true,"href":"https:\/\/tosi.korinekdavid.cz\/index.php?rest_route=\/wp\/v2\/users\/1"}],"replies":[{"embeddable":true,"href":"https:\/\/tosi.korinekdavid.cz\/index.php?rest_route=%2Fwp%2Fv2%2Fcomments&post=64"}],"version-history":[{"count":1,"href":"https:\/\/tosi.korinekdavid.cz\/index.php?rest_route=\/wp\/v2\/pages\/64\/revisions"}],"predecessor-version":[{"id":65,"href":"https:\/\/tosi.korinekdavid.cz\/index.php?rest_route=\/wp\/v2\/pages\/64\/revisions\/65"}],"wp:attachment":[{"href":"https:\/\/tosi.korinekdavid.cz\/index.php?rest_route=%2Fwp%2Fv2%2Fmedia&parent=64"}],"curies":[{"name":"wp","href":"https:\/\/api.w.org\/{rel}","templated":true}]}}