{"id":2,"date":"2025-02-18T09:07:09","date_gmt":"2025-02-18T09:07:09","guid":{"rendered":"https:\/\/tosi.korinekdavid.cz\/?page_id=2"},"modified":"2025-05-07T11:58:29","modified_gmt":"2025-05-07T11:58:29","slug":"sample-page","status":"publish","type":"page","link":"https:\/\/tosi.korinekdavid.cz\/","title":{"rendered":"Sample Page"},"content":{"rendered":"<div class=\"n2-section-smartslider fitvidsignore  n2_clear\" data-ssid=\"1\" tabindex=\"0\" role=\"region\" aria-label=\"Slider\"><div id=\"n2-ss-1-align\" class=\"n2-ss-align\"><div class=\"n2-padding\"><div id=\"n2-ss-1\" data-creator=\"Smart Slider 3\" data-responsive=\"auto\" class=\"n2-ss-slider n2-ow n2-has-hover n2notransition  \">\n\n\n\n<div class=\"n2-ss-slider-wrapper-inside\">\n        <div class=\"n2-ss-slider-1 n2_ss__touch_element n2-ow\">\n            <div class=\"n2-ss-slider-2 n2-ow\">\n                                                <div class=\"n2-ss-slider-3 n2-ow\">\n\n                    <div class=\"n2-ss-slide-backgrounds n2-ow-all\"><div class=\"n2-ss-slide-background\" data-public-id=\"1\" data-mode=\"fill\"><div class=\"n2-ss-slide-background-image\" data-blur=\"0\" data-opacity=\"100\" data-x=\"50\" data-y=\"50\" data-alt=\"\" data-title=\"\"><picture class=\"skip-lazy\" data-skip-lazy=\"1\"><img decoding=\"async\" src=\"\/\/tosi.korinekdavid.cz\/wp-content\/uploads\/2025\/02\/zen-garden-dawn-serene-peaceful-with-meticulously-raked-sand-surrounding-it-classic-stone-lantern-takes-front-stage.jpg\" alt=\"\" title=\"\" loading=\"lazy\" class=\"skip-lazy\" data-skip-lazy=\"1\"><\/picture><\/div><div data-color=\"RGBA(255,255,255,0)\" style=\"background-color: RGBA(255,255,255,0);\" class=\"n2-ss-slide-background-color\"><\/div><\/div><div class=\"n2-ss-slide-background\" data-public-id=\"2\" data-mode=\"fill\"><div class=\"n2-ss-slide-background-image\" data-blur=\"0\" data-opacity=\"100\" data-x=\"50\" data-y=\"50\" data-alt=\"\" data-title=\"\"><picture class=\"skip-lazy\" data-skip-lazy=\"1\"><img decoding=\"async\" src=\"https:\/\/smartslider3.com\/wp-content\/uploads\/slider424\/slide2.png\" alt=\"\" title=\"\" loading=\"lazy\" class=\"skip-lazy\" data-skip-lazy=\"1\"><\/picture><\/div><div data-color=\"RGBA(255,255,255,0)\" style=\"background-color: RGBA(255,255,255,0);\" class=\"n2-ss-slide-background-color\"><\/div><\/div><\/div>                    <div class=\"n2-ss-slider-4 n2-ow\">\n                        <svg xmlns=\"http:\/\/www.w3.org\/2000\/svg\" viewBox=\"0 0 1200 600\" data-related-device=\"desktopPortrait\" class=\"n2-ow n2-ss-preserve-size n2-ss-preserve-size--slider n2-ss-slide-limiter\"><\/svg><div data-first=\"1\" data-slide-duration=\"0\" data-id=\"1\" data-slide-public-id=\"1\" data-title=\"Slide Background\" class=\"n2-ss-slide n2-ow  n2-ss-slide-1\"><div role=\"note\" class=\"n2-ss-slide--focus\" tabindex=\"-1\">Slide Background<\/div><div class=\"n2-ss-layers-container n2-ss-slide-limiter n2-ow\"><div class=\"n2-ss-layer n2-ow n-uc-qOqWnzWU7DJi\" data-sstype=\"slide\" data-pm=\"default\"><\/div><\/div><\/div><div data-slide-duration=\"0\" data-id=\"2\" data-slide-public-id=\"2\" data-title=\"Build &amp; Design\" class=\"n2-ss-slide n2-ow  n2-ss-slide-2\"><div role=\"note\" class=\"n2-ss-slide--focus\" tabindex=\"-1\">Build &#038; Design<\/div><div class=\"n2-ss-layers-container n2-ss-slide-limiter n2-ow\"><div class=\"n2-ss-layer n2-ow n-uc-Qc8q1pFNH3Sx\" data-sstype=\"slide\" data-pm=\"default\"><div class=\"n2-ss-layer n2-ow n-uc-TPnUuKlAWVoC\" data-pm=\"default\" data-sstype=\"content\" data-hasbackground=\"0\"><div class=\"n2-ss-section-main-content n2-ss-layer-with-background n2-ss-layer-content n2-ow n-uc-TPnUuKlAWVoC-inner\"><div class=\"n2-ss-layer n2-ow n2-ss-layer--block n2-ss-has-self-align n-uc-NmnNQvKK01kO\" data-pm=\"normal\" data-sstype=\"row\"><div class=\"n2-ss-layer-row n2-ss-layer-with-background n-uc-NmnNQvKK01kO-inner\"><div class=\"n2-ss-layer-row-inner \"><div class=\"n2-ss-layer n2-ow n-uc-R5Jkk06Nmzr4\" data-pm=\"default\" data-sstype=\"col\"><div class=\"n2-ss-layer-col n2-ss-layer-with-background n2-ss-layer-content n-uc-R5Jkk06Nmzr4-inner\"><div class=\"n2-ss-layer n2-ow n-uc-L7MZsuU7nXdp\" data-pm=\"normal\" data-sstype=\"layer\"><div id=\"n2-ss-1item1\" class=\"n2-font-ce74a14e2dab7dae8cfd9865f92c4844-hover   n2-ss-item-content n2-ss-text n2-ow\" style=\"display:block;\">02. Build &amp; Design<\/div><\/div><div class=\"n2-ss-layer n2-ow n-uc-dXzt05L5aYNb\" data-pm=\"normal\" data-sstype=\"layer\"><div id=\"n2-ss-1item2\" class=\"n2-font-343d27bb0887dfde4c937d97083e1204-hover   n2-ss-item-content n2-ss-text n2-ow\" style=\"display:block;\">Build any layout with layers and customize your designs limitlessly.<\/div><\/div><div class=\"n2-ss-layer n2-ow n-uc-TxSbyIrop3Yk\" data-pm=\"normal\" data-sstype=\"layer\"><div id=\"n2-ss-1item3\" class=\"n2-font-15db24c4557f77f3de4624529d8c4578-hover   n2-ss-item-content n2-ss-text n2-ow\" style=\"display:block;\">Step 1<\/div><\/div><div class=\"n2-ss-layer n2-ow n-uc-W9mSo0dHKG22\" data-pm=\"normal\" data-sstype=\"layer\"><div class=\"n2-ss-item-content n2-ss-text n2-ow-all\"><div class=\"\"><p class=\"n2-font-5612f97b3f20d169952fc629520e3322-paragraph   \">To add a layer, click the green plus button in the left sidebar and select the type of layer.<\/p>\n<\/div><\/div><\/div><div class=\"n2-ss-layer n2-ow n-uc-ho64b0Yyd2TU\" data-pm=\"normal\" data-sstype=\"layer\"><div id=\"n2-ss-1item5\" class=\"n2-font-15db24c4557f77f3de4624529d8c4578-hover   n2-ss-item-content n2-ss-text n2-ow\" style=\"display:block;\">Step 2<\/div><\/div><div class=\"n2-ss-layer n2-ow n-uc-yjPTkA4s2lpW\" data-pm=\"normal\" data-sstype=\"layer\"><div class=\"n2-ss-item-content n2-ss-text n2-ow-all\"><div class=\"\"><p class=\"n2-font-5612f97b3f20d169952fc629520e3322-paragraph   \">Select any layer and you can edit its content and style properties in the layer window.<\/p>\n<\/div><\/div><\/div><div class=\"n2-ss-layer n2-ow n-uc-oNW0wHFIvyqz n2-ss-layer--auto\" data-pm=\"normal\" data-sstype=\"layer\"><div class=\"n2-ss-button-container n2-ss-item-content n2-ow n2-font-eff2aced2781d2712e1951a8ee5e5a94-link  n2-ss-nowrap n2-ss-button-container--non-full-width\"><a class=\"n2-style-771503a848f3e267c98f8cc9614a667b-heading  n2-ow \" role=\"button\" onclick=\"n2ss.applyActionWithClick(event, 'next');\" href=\"#\"><div><div>Next Slide<\/div><\/div><\/a><\/div><\/div><\/div><\/div><div class=\"n2-ss-layer n2-ow n-uc-iYi6ZKk8yeVp\" data-pm=\"default\" data-sstype=\"col\"><div class=\"n2-ss-layer-col n2-ss-layer-with-background n2-ss-layer-content n-uc-iYi6ZKk8yeVp-inner\"><div class=\"n2-ss-layer n2-ow n-uc-55XXi2ogLijA\" data-pm=\"normal\" data-sstype=\"layer\"><div class=\" n2-ss-item-image-content n2-ss-item-content n2-ow-all\"><img decoding=\"async\" id=\"n2-ss-1item8\" alt=\"\" class=\"skip-lazy\" loading=\"lazy\" width=\"640\" height=\"550\" data-skip-lazy=\"1\" src=\"https:\/\/smartslider3.com\/wp-content\/uploads\/slider424\/buildanddesign.png\" \/><\/div><\/div><\/div><\/div><\/div><\/div><\/div><\/div><\/div><\/div><\/div><\/div>                    <\/div>\n\n                                    <\/div>\n            <\/div>\n        <\/div>\n        <div class=\"n2-ss-slider-controls n2-ss-slider-controls-absolute-center-bottom\"><div style=\"--widget-offset:5px;\" class=\"n2-ss-widget n2-ss-control-bullet n2-ow-all n2-ss-control-bullet-horizontal\"><div class=\" nextend-bullet-bar n2-bar-justify-content-center\" role=\"group\" aria-label=\"Choose slide to display.\"><div class=\"n2-bullet n2-style-37b83350d88fb82e7ea26e8ad7887167-dot \" style=\"visibility:hidden;\"><\/div><\/div><\/div><\/div><\/div><\/div><ss3-loader><\/ss3-loader><\/div><\/div><div class=\"n2_clear\"><\/div><\/div>\n\n\n<div style=\"height:100px\" aria-hidden=\"true\" class=\"wp-block-spacer\"><\/div>\n\n\n\n<h2 class=\"wp-block-heading has-text-align-center\">Na\u0161e slu\u017eby<\/h2>\n\n\n\n<div class=\"wp-block-columns is-layout-flex wp-container-core-columns-is-layout-9d6595d7 wp-block-columns-is-layout-flex\">\n<div class=\"wp-block-column is-layout-flow wp-block-column-is-layout-flow\">\n<figure class=\"wp-block-image size-large\"><img loading=\"lazy\" decoding=\"async\" width=\"1024\" height=\"518\" src=\"https:\/\/tosi.korinekdavid.cz\/wp-content\/uploads\/2025\/02\/pond-1024x518.jpg\" alt=\"\" class=\"wp-image-21\" srcset=\"https:\/\/tosi.korinekdavid.cz\/wp-content\/uploads\/2025\/02\/pond-1024x518.jpg 1024w, https:\/\/tosi.korinekdavid.cz\/wp-content\/uploads\/2025\/02\/pond-300x152.jpg 300w, https:\/\/tosi.korinekdavid.cz\/wp-content\/uploads\/2025\/02\/pond-768x389.jpg 768w, https:\/\/tosi.korinekdavid.cz\/wp-content\/uploads\/2025\/02\/pond-1536x778.jpg 1536w, https:\/\/tosi.korinekdavid.cz\/wp-content\/uploads\/2025\/02\/pond.jpg 1600w\" sizes=\"auto, (max-width: 1024px) 100vw, 1024px\" \/><\/figure>\n\n\n\n<h4 class=\"wp-block-heading has-text-align-center\">N\u00e1vrhy a realizace zelen\u011b<\/h4>\n\n\n\n<p class=\"has-text-align-center\">lorem ipsum dolor sit amet lorem ipsum dolor sit amet lorem ipsum dolor sit amet<\/p>\n\n\n\n<div class=\"wp-block-buttons is-content-justification-center is-layout-flex wp-container-core-buttons-is-layout-16018d1d wp-block-buttons-is-layout-flex\">\n<div class=\"wp-block-button is-style-fill\"><a class=\"wp-block-button__link wp-element-button\" href=\"https:\/\/tosi.korinekdavid.cz\/?page_id=38\">V\u00edce o n\u00e1vrz\u00edch<\/a><\/div>\n<\/div>\n<\/div>\n\n\n\n<div class=\"wp-block-column is-layout-flow wp-block-column-is-layout-flow\">\n<figure class=\"wp-block-image size-large\"><img loading=\"lazy\" decoding=\"async\" width=\"1024\" height=\"518\" src=\"https:\/\/tosi.korinekdavid.cz\/wp-content\/uploads\/2025\/02\/pond-1024x518.jpg\" alt=\"\" class=\"wp-image-21\" srcset=\"https:\/\/tosi.korinekdavid.cz\/wp-content\/uploads\/2025\/02\/pond-1024x518.jpg 1024w, https:\/\/tosi.korinekdavid.cz\/wp-content\/uploads\/2025\/02\/pond-300x152.jpg 300w, https:\/\/tosi.korinekdavid.cz\/wp-content\/uploads\/2025\/02\/pond-768x389.jpg 768w, https:\/\/tosi.korinekdavid.cz\/wp-content\/uploads\/2025\/02\/pond-1536x778.jpg 1536w, https:\/\/tosi.korinekdavid.cz\/wp-content\/uploads\/2025\/02\/pond.jpg 1600w\" sizes=\"auto, (max-width: 1024px) 100vw, 1024px\" \/><\/figure>\n\n\n\n<h4 class=\"wp-block-heading has-text-align-center\">Dod\u00e1vky rostlin na m\u00edru<\/h4>\n\n\n\n<p class=\"has-text-align-center\">lorem ipsum dolor sit amet lorem ipsum dolor sit amet lorem ipsum dolor sit amet<\/p>\n\n\n\n<div class=\"wp-block-buttons is-content-justification-center is-layout-flex wp-container-core-buttons-is-layout-16018d1d wp-block-buttons-is-layout-flex\">\n<div class=\"wp-block-button is-style-fill\"><a class=\"wp-block-button__link wp-element-button\" href=\"https:\/\/tosi.korinekdavid.cz\/?page_id=40\">Kontaktujte n\u00e1s<\/a><\/div>\n<\/div>\n<\/div>\n\n\n\n<div class=\"wp-block-column is-layout-flow wp-block-column-is-layout-flow\">\n<figure class=\"wp-block-image size-large\"><img loading=\"lazy\" decoding=\"async\" width=\"1024\" height=\"518\" src=\"https:\/\/tosi.korinekdavid.cz\/wp-content\/uploads\/2025\/02\/pond-1024x518.jpg\" alt=\"\" class=\"wp-image-21\" srcset=\"https:\/\/tosi.korinekdavid.cz\/wp-content\/uploads\/2025\/02\/pond-1024x518.jpg 1024w, https:\/\/tosi.korinekdavid.cz\/wp-content\/uploads\/2025\/02\/pond-300x152.jpg 300w, https:\/\/tosi.korinekdavid.cz\/wp-content\/uploads\/2025\/02\/pond-768x389.jpg 768w, https:\/\/tosi.korinekdavid.cz\/wp-content\/uploads\/2025\/02\/pond-1536x778.jpg 1536w, https:\/\/tosi.korinekdavid.cz\/wp-content\/uploads\/2025\/02\/pond.jpg 1600w\" sizes=\"auto, (max-width: 1024px) 100vw, 1024px\" \/><\/figure>\n\n\n\n<h4 class=\"wp-block-heading has-text-align-center\">Pron\u00e1jem rostlin<\/h4>\n\n\n\n<p class=\"has-text-align-center\">lorem ipsum dolor sit amet lorem ipsum dolor sit amet lorem ipsum dolor sit amet<\/p>\n\n\n\n<div class=\"wp-block-buttons is-content-justification-center is-layout-flex wp-container-core-buttons-is-layout-16018d1d wp-block-buttons-is-layout-flex\">\n<div class=\"wp-block-button is-style-fill\"><a class=\"wp-block-button__link wp-element-button\" href=\"https:\/\/tosi.korinekdavid.cz\/?page_id=42\">Tla\u010d\u00edtko<\/a><\/div>\n<\/div>\n<\/div>\n<\/div>\n\n\n\n<p><\/p>\n","protected":false},"excerpt":{"rendered":"<p>Na\u0161e slu\u017eby N\u00e1vrhy a realizace zelen\u011b lorem ipsum dolor sit amet lorem ipsum dolor sit amet lorem ipsum dolor sit amet Dod\u00e1vky rostlin na m\u00edru lorem ipsum dolor sit amet lorem ipsum dolor sit amet lorem ipsum dolor sit amet Pron\u00e1jem rostlin lorem ipsum dolor sit amet lorem ipsum dolor sit amet lorem ipsum dolor [&hellip;]<\/p>\n","protected":false},"author":1,"featured_media":0,"parent":0,"menu_order":0,"comment_status":"closed","ping_status":"open","template":"template-full-width.php","meta":{"footnotes":""},"class_list":["post-2","page","type-page","status-publish","hentry"],"_links":{"self":[{"href":"https:\/\/tosi.korinekdavid.cz\/index.php?rest_route=\/wp\/v2\/pages\/2","targetHints":{"allow":["GET"]}}],"collection":[{"href":"https:\/\/tosi.korinekdavid.cz\/index.php?rest_route=\/wp\/v2\/pages"}],"about":[{"href":"https:\/\/tosi.korinekdavid.cz\/index.php?rest_route=\/wp\/v2\/types\/page"}],"author":[{"embeddable":true,"href":"https:\/\/tosi.korinekdavid.cz\/index.php?rest_route=\/wp\/v2\/users\/1"}],"replies":[{"embeddable":true,"href":"https:\/\/tosi.korinekdavid.cz\/index.php?rest_route=%2Fwp%2Fv2%2Fcomments&post=2"}],"version-history":[{"count":9,"href":"https:\/\/tosi.korinekdavid.cz\/index.php?rest_route=\/wp\/v2\/pages\/2\/revisions"}],"predecessor-version":[{"id":50,"href":"https:\/\/tosi.korinekdavid.cz\/index.php?rest_route=\/wp\/v2\/pages\/2\/revisions\/50"}],"wp:attachment":[{"href":"https:\/\/tosi.korinekdavid.cz\/index.php?rest_route=%2Fwp%2Fv2%2Fmedia&parent=2"}],"curies":[{"name":"wp","href":"https:\/\/api.w.org\/{rel}","templated":true}]}}